{"id":2209,"date":"2017-09-14T04:51:04","date_gmt":"2017-09-14T04:51:04","guid":{"rendered":"http:\/\/nagelstudio-handwerk-gmunden.at\/?page_id=2209"},"modified":"2025-07-26T18:50:59","modified_gmt":"2025-07-26T18:50:59","slug":"ueber-mich","status":"publish","type":"page","link":"https:\/\/nagelstudio-handwerk-gmunden.at\/?page_id=2209","title":{"rendered":"\u00dcber Anna"},"content":{"rendered":"\n<figure class=\"wp-block-gallery has-nested-images columns-default is-cropped wp-block-gallery-1 is-layout-flex wp-block-gallery-is-layout-flex\">\n<figure class=\"wp-block-image size-large\"><a href=\"https:\/\/nagelstudio-handwerk-gmunden.at\/wp-content\/uploads\/2023\/11\/meisterschaft1.jpg\"><img loading=\"lazy\" decoding=\"async\" width=\"646\" height=\"905\" data-id=\"3201\" src=\"https:\/\/nagelstudio-handwerk-gmunden.at\/wp-content\/uploads\/2023\/11\/meisterschaft1.jpg\" alt=\"\" class=\"wp-image-3201\" srcset=\"https:\/\/nagelstudio-handwerk-gmunden.at\/wp-content\/uploads\/2023\/11\/meisterschaft1.jpg 646w, https:\/\/nagelstudio-handwerk-gmunden.at\/wp-content\/uploads\/2023\/11\/meisterschaft1-214x300.jpg 214w\" sizes=\"auto, (max-width: 646px) 100vw, 646px\" \/><\/a><\/figure>\n\n\n\n<figure class=\"wp-block-image size-large\"><a href=\"https:\/\/nagelstudio-handwerk-gmunden.at\/wp-content\/uploads\/2023\/11\/Meisterschaft3.jpg\"><img loading=\"lazy\" decoding=\"async\" width=\"731\" height=\"1024\" data-id=\"3204\" src=\"https:\/\/nagelstudio-handwerk-gmunden.at\/wp-content\/uploads\/2023\/11\/Meisterschaft3-731x1024.jpg\" alt=\"\" class=\"wp-image-3204\" srcset=\"https:\/\/nagelstudio-handwerk-gmunden.at\/wp-content\/uploads\/2023\/11\/Meisterschaft3-731x1024.jpg 731w, https:\/\/nagelstudio-handwerk-gmunden.at\/wp-content\/uploads\/2023\/11\/Meisterschaft3-214x300.jpg 214w, https:\/\/nagelstudio-handwerk-gmunden.at\/wp-content\/uploads\/2023\/11\/Meisterschaft3-768x1075.jpg 768w, https:\/\/nagelstudio-handwerk-gmunden.at\/wp-content\/uploads\/2023\/11\/Meisterschaft3-1097x1536.jpg 1097w, https:\/\/nagelstudio-handwerk-gmunden.at\/wp-content\/uploads\/2023\/11\/Meisterschaft3.jpg 1125w\" sizes=\"auto, (max-width: 731px) 100vw, 731px\" \/><\/a><\/figure>\n<\/figure>\n\n\n<p>Im Februar <strong>2015<\/strong> begann Anna, nach der erfolgreich abgelegten Arbeitsprobe bei der WKO, ihre Karriere als Nageldesignerin. Seitdem hat sie an zahlreichen Schulungen, Weiterbildungen und Perfektionstrainings bei renommierten Nageldesignern und Top-Trainern teilgenommen.<\/p>\n<p>Neben ihrem Erfolg bei der Wiener Naildesign Meisterschaft, wo sie sich in der Rubrik\u00a0&#8222;Newcomer Cup &#8211; Gel French&#8220; aus dem Stand auf Platz 2 katapultierte, bloggt sie seit <strong>2016<\/strong> unter dem Namen <a href=\"https:\/\/www.youtube.com\/channel\/UC2hqBofCY0qdnOJKqwFgy0A\">Na<\/a><a href=\"https:\/\/www.youtube.com\/channel\/UC2hqBofCY0qdnOJKqwFgy0A\">gelstudio<\/a><a href=\"https:\/\/www.youtube.com\/channel\/UC2hqBofCY0qdnOJKqwFgy0A\"> Handwerk<\/a> auch auf ihrem Youtube Kanal \u00fcber aktuelle Trends und Infos rund ums Thema Nageldesign.<\/p>\n<p>Anfang<strong> 2017<\/strong>\u00a0wagte Anna dann den Schritt in die Selbstst\u00e4ndigkeit und machte ihr Hobby zum Beruf. Im April holte sie bei der \u00f6sterreichischen Bundesmeisterschaft in Graz Platz 1 in der Rubrik &#8222;Newcomer Cup &#8211; Gel French&#8220;. Zus\u00e4tzlich zu drei Messeauftritten f\u00fcr die Firma &#8222;MSE The Beauty Company&#8220; stellte sie sich als Trainerin ebenfalls neuen Herausforderungen.<\/p>\n<p>Auf der Beauty D\u00fcsseldorf im M\u00e4rz <strong>2018<\/strong>\u00a0durfte Anna neben dem vierten Messeauftritt f\u00fcr &#8222;MSE the Beauty Company&#8220; auch auf der Beautyb\u00fchne ihre Sicht der Dinge im Vortrag &#8222;Onlineschulungen Pro und Contra&#8220; erl\u00e4utern. In der darauffolgenden Woche machte sich die Youtuberin auf den Weg ins Saarland um mit Dr. Jens Kn\u00fcfermann und Ing. Frank Ke\u00dfler im Rahmen eines Interwievs die Gef\u00e4hrlichkeiten und Inhaltsstoffe umstrittener Materialien zu diskutieren. Kurz darauf konnte sie sich auch in diesem Jahr bei der <a href=\"https:\/\/nagelstudio-handwerk-gmunden.at\/?page_id=2403\">Bundesmeisterschaft in Graz<\/a> den ersten Platz in der Kategorie &#8222;Profi Cup &#8211; Acryl French&#8220; sichern. In diesem Jahr stand Anna der Firma &#8222;Neonail&#8220; auf der Beauty Forum M\u00fcnchen tatkr\u00e4ftig zur Seite.\u00a0<\/p>\n<p><strong>2019<\/strong> geht die steile Karriere der bekannten Youtuberin weiter. Neben einer zweit\u00e4tigen Schulung bei der internationalen Meisterin und mehrfachen Weltmeisterin Olena \u00d6zman, durfte Anna auch in diesem Jahr die Firma &#8222;Neonail&#8220; auf der Beauty D\u00fcsseldorf unterst\u00fctzen. Zudem nahm sie in diesem Jahr &#8211; statt als Teilnehmerin &#8211; in der Fachjury der <a href=\"https:\/\/nagelstudio-handwerk-gmunden.at\/?page_id=3136\">\u00f6sterreichischen Bundesmeisterschaft<\/a> Platz. Eine gro\u00dfe Ehre.<\/p>\n<p>Nach der Geburt ihres Sohnes <strong>2019<\/strong> und ihrer Tochter <strong>2022<\/strong> darf aber auch eine kleine Auszeit f\u00fcr das Familiengl\u00fcck nicht fehlen.<\/p>\n<p>Seit <strong>2023<\/strong> h\u00e4lt die Youtuberin ihre Follower mit neuem Content up-to-date. Durch ihre zahlreichen\u00a0internationalen <a href=\"https:\/\/nagelstudio-handwerk-gmunden.at\/?page_id=34\">Schulungen, Kurse und Webinare<\/a> auf Deutsch und Englisch und ihrer Liebe zur Perfektion, kreiert Anna N\u00e4gel, die aus der Masse herausstechen. Anna arbeitet an Modellen oft bis tief in die Nacht und holt sich auch in diesem Jahr bei der <a href=\"https:\/\/nagelstudio-handwerk-gmunden.at\/?page_id=3134\">\u00f6sterreichischen Bundesmeisterschaft<\/a> in Graz in der Kategorie &#8222;Profi Cup &#8211; Gel French&#8220; den Sieg.<\/p>\n<p>Nach der <a href=\"https:\/\/nagelstudio-handwerk-gmunden.at\/?page_id=3343\">\u00f6sterreichischen Bundesmeisterschaft<\/a> <strong>2024<\/strong>, bei der Anna erstmals in der Kategorie Nail Art, mit dem Thema &#8222;Candyland&#8220;, antrat und in \u00fcber 300 Stunden ihrer Kreativit\u00e4t freien Lauf lie\u00df, startete sie erneut durch. Ende April renovierte sie ihr Studio und konnte die ersten Kundinnen Willkommen hei\u00dfen. Mit einem pers\u00f6nlichen Rekord von 14 <a href=\"https:\/\/nagelstudio-handwerk-gmunden.at\/?page_id=34\">Schulungen<\/a> im ersten Halbjahr gelang es ihr, die Qualit\u00e4t ihrer Arbeit weiter zu steigern.<\/p>\n\n\n<p>Im Jahr <strong>2025<\/strong> erreichte Anna durch intensive Weiterbildungen und exklusive Masterclasses bei Branchengr\u00f6\u00dfen wie Weltmeisterin Olena \u00d6zman, dem renommierten Frank Sch\u00e4berle und der Expertin Julia Begus einen bedeutenden Meilenstein in ihrer Karriere. Anna etablierte sich als eine der gefragtesten Nageldesignerinnen \u00d6sterreichs. Ihr Studio z\u00e4hlt nun zu den Top-Adressen f\u00fcr anspruchsvolle Kunden, die h\u00f6chste Qualit\u00e4t sch\u00e4tzen.<\/p>\n\n\n\n<div style=\"height:24px\" aria-hidden=\"true\" class=\"wp-block-spacer\"><\/div>\n","protected":false},"excerpt":{"rendered":"<p>Im Februar 2015 begann Anna, nach der erfolgreich abgelegten Arbeitsprobe bei der WKO, ihre Karriere als Nageldesignerin. Seitdem hat sie an zahlreichen Schulungen, Weiterbildungen und Perfektionstrainings bei renommierten Nageldesignern und Top-Trainern teilgenommen. Neben ihrem Erfolg bei der Wiener Naildesign Meisterschaft, &hellip; <a href=\"https:\/\/nagelstudio-handwerk-gmunden.at\/?page_id=2209\">Weiterlesen <span class=\"meta-nav\">&rarr;<\/span><\/a><\/p>\n","protected":false},"author":1,"featured_media":0,"parent":0,"menu_order":10,"comment_status":"closed","ping_status":"closed","template":"","meta":{"footnotes":""},"class_list":["post-2209","page","type-page","status-publish","hentry"],"_links":{"self":[{"href":"https:\/\/nagelstudio-handwerk-gmunden.at\/index.php?rest_route=\/wp\/v2\/pages\/2209","targetHints":{"allow":["GET"]}}],"collection":[{"href":"https:\/\/nagelstudio-handwerk-gmunden.at\/index.php?rest_route=\/wp\/v2\/pages"}],"about":[{"href":"https:\/\/nagelstudio-handwerk-gmunden.at\/index.php?rest_route=\/wp\/v2\/types\/page"}],"author":[{"embeddable":true,"href":"https:\/\/nagelstudio-handwerk-gmunden.at\/index.php?rest_route=\/wp\/v2\/users\/1"}],"replies":[{"embeddable":true,"href":"https:\/\/nagelstudio-handwerk-gmunden.at\/index.php?rest_route=%2Fwp%2Fv2%2Fcomments&post=2209"}],"version-history":[{"count":56,"href":"https:\/\/nagelstudio-handwerk-gmunden.at\/index.php?rest_route=\/wp\/v2\/pages\/2209\/revisions"}],"predecessor-version":[{"id":9232,"href":"https:\/\/nagelstudio-handwerk-gmunden.at\/index.php?rest_route=\/wp\/v2\/pages\/2209\/revisions\/9232"}],"wp:attachment":[{"href":"https:\/\/nagelstudio-handwerk-gmunden.at\/index.php?rest_route=%2Fwp%2Fv2%2Fmedia&parent=2209"}],"curies":[{"name":"wp","href":"https:\/\/api.w.org\/{rel}","templated":true}]}}

Über Anna

<figure class="wp-block-gallery has-nested-images columns-default is-cropped wp-block-gallery-1 is-layout-flex wp-block-gallery-is-layout-flex">
<figure class="wp-block-image size-large"><a href="https://nagelstudio-handwerk-gmunden.at/wp-content/uploads/2023/11/meisterschaft1.jpg"><img loading="lazy" decoding="async" width="646" height="905" data-id="3201" src="https://nagelstudio-handwerk-gmunden.at/wp-content/uploads/2023/11/meisterschaft1.jpg" alt="" class="wp-image-3201" srcset="https://nagelstudio-handwerk-gmunden.at/wp-content/uploads/2023/11/meisterschaft1.jpg 646w, https://nagelstudio-handwerk-gmunden.at/wp-content/uploads/2023/11/meisterschaft1-214x300.jpg 214w" sizes="auto, (max-width: 646px) 100vw, 646px" /></a></figure>



<figure class="wp-block-image size-large"><a href="https://nagelstudio-handwerk-gmunden.at/wp-content/uploads/2023/11/Meisterschaft3.jpg"><img loading="lazy" decoding="async" width="731" height="1024" data-id="3204" src="https://nagelstudio-handwerk-gmunden.at/wp-content/uploads/2023/11/Meisterschaft3-731x1024.jpg" alt="" class="wp-image-3204" srcset="https://nagelstudio-handwerk-gmunden.at/wp-content/uploads/2023/11/Meisterschaft3-731x1024.jpg 731w, https://nagelstudio-handwerk-gmunden.at/wp-content/uploads/2023/11/Meisterschaft3-214x300.jpg 214w, https://nagelstudio-handwerk-gmunden.at/wp-content/uploads/2023/11/Meisterschaft3-768x1075.jpg 768w, https://nagelstudio-handwerk-gmunden.at/wp-content/uploads/2023/11/Meisterschaft3-1097x1536.jpg 1097w, https://nagelstudio-handwerk-gmunden.at/wp-content/uploads/2023/11/Meisterschaft3.jpg 1125w" sizes="auto, (max-width: 731px) 100vw, 731px" /></a></figure>
</figure>


<p>Im Februar <strong>2015</strong> begann Anna, nach der erfolgreich abgelegten Arbeitsprobe bei der WKO, ihre Karriere als Nageldesignerin. Seitdem hat sie an zahlreichen Schulungen, Weiterbildungen und Perfektionstrainings bei renommierten Nageldesignern und Top-Trainern teilgenommen.</p>
<p>Neben ihrem Erfolg bei der Wiener Naildesign Meisterschaft, wo sie sich in der Rubrik &#8222;Newcomer Cup &#8211; Gel French&#8220; aus dem Stand auf Platz 2 katapultierte, bloggt sie seit <strong>2016</strong> unter dem Namen <a href="https://www.youtube.com/channel/UC2hqBofCY0qdnOJKqwFgy0A">Na</a><a href="https://www.youtube.com/channel/UC2hqBofCY0qdnOJKqwFgy0A">gelstudio</a><a href="https://www.youtube.com/channel/UC2hqBofCY0qdnOJKqwFgy0A"> Handwerk</a> auch auf ihrem Youtube Kanal über aktuelle Trends und Infos rund ums Thema Nageldesign.</p>
<p>Anfang<strong> 2017</strong> wagte Anna dann den Schritt in die Selbstständigkeit und machte ihr Hobby zum Beruf. Im April holte sie bei der österreichischen Bundesmeisterschaft in Graz Platz 1 in der Rubrik &#8222;Newcomer Cup &#8211; Gel French&#8220;. Zusätzlich zu drei Messeauftritten für die Firma &#8222;MSE The Beauty Company&#8220; stellte sie sich als Trainerin ebenfalls neuen Herausforderungen.</p>
<p>Auf der Beauty Düsseldorf im März <strong>2018</strong> durfte Anna neben dem vierten Messeauftritt für &#8222;MSE the Beauty Company&#8220; auch auf der Beautybühne ihre Sicht der Dinge im Vortrag &#8222;Onlineschulungen Pro und Contra&#8220; erläutern. In der darauffolgenden Woche machte sich die Youtuberin auf den Weg ins Saarland um mit Dr. Jens Knüfermann und Ing. Frank Keßler im Rahmen eines Interwievs die Gefährlichkeiten und Inhaltsstoffe umstrittener Materialien zu diskutieren. Kurz darauf konnte sie sich auch in diesem Jahr bei der <a href="https://nagelstudio-handwerk-gmunden.at/?page_id=2403">Bundesmeisterschaft in Graz</a> den ersten Platz in der Kategorie &#8222;Profi Cup &#8211; Acryl French&#8220; sichern. In diesem Jahr stand Anna der Firma &#8222;Neonail&#8220; auf der Beauty Forum München tatkräftig zur Seite. </p>
<p><strong>2019</strong> geht die steile Karriere der bekannten Youtuberin weiter. Neben einer zweitätigen Schulung bei der internationalen Meisterin und mehrfachen Weltmeisterin Olena Özman, durfte Anna auch in diesem Jahr die Firma &#8222;Neonail&#8220; auf der Beauty Düsseldorf unterstützen. Zudem nahm sie in diesem Jahr &#8211; statt als Teilnehmerin &#8211; in der Fachjury der <a href="https://nagelstudio-handwerk-gmunden.at/?page_id=3136">österreichischen Bundesmeisterschaft</a> Platz. Eine große Ehre.</p>
<p>Nach der Geburt ihres Sohnes <strong>2019</strong> und ihrer Tochter <strong>2022</strong> darf aber auch eine kleine Auszeit für das Familienglück nicht fehlen.</p>
<p>Seit <strong>2023</strong> hält die Youtuberin ihre Follower mit neuem Content up-to-date. Durch ihre zahlreichen internationalen <a href="https://nagelstudio-handwerk-gmunden.at/?page_id=34">Schulungen, Kurse und Webinare</a> auf Deutsch und Englisch und ihrer Liebe zur Perfektion, kreiert Anna Nägel, die aus der Masse herausstechen. Anna arbeitet an Modellen oft bis tief in die Nacht und holt sich auch in diesem Jahr bei der <a href="https://nagelstudio-handwerk-gmunden.at/?page_id=3134">österreichischen Bundesmeisterschaft</a> in Graz in der Kategorie &#8222;Profi Cup &#8211; Gel French&#8220; den Sieg.</p>
<p>Nach der <a href="https://nagelstudio-handwerk-gmunden.at/?page_id=3343">österreichischen Bundesmeisterschaft</a> <strong>2024</strong>, bei der Anna erstmals in der Kategorie Nail Art, mit dem Thema &#8222;Candyland&#8220;, antrat und in über 300 Stunden ihrer Kreativität freien Lauf ließ, startete sie erneut durch. Ende April renovierte sie ihr Studio und konnte die ersten Kundinnen Willkommen heißen. Mit einem persönlichen Rekord von 14 <a href="https://nagelstudio-handwerk-gmunden.at/?page_id=34">Schulungen</a> im ersten Halbjahr gelang es ihr, die Qualität ihrer Arbeit weiter zu steigern.</p>


<p>Im Jahr <strong>2025</strong> erreichte Anna durch intensive Weiterbildungen und exklusive Masterclasses bei Branchengrößen wie Weltmeisterin Olena Özman, dem renommierten Frank Schäberle und der Expertin Julia Begus einen bedeutenden Meilenstein in ihrer Karriere. Anna etablierte sich als eine der gefragtesten Nageldesignerinnen Österreichs. Ihr Studio zählt nun zu den Top-Adressen für anspruchsvolle Kunden, die höchste Qualität schätzen.</p>



<div style="height:24px" aria-hidden="true" class="wp-block-spacer"></div>
