{"id":369,"date":"2015-11-18T23:58:34","date_gmt":"2015-11-18T23:58:34","guid":{"rendered":"http:\/\/nagelstudio-handwerk-gmunden.at\/?page_id=369"},"modified":"2025-12-27T23:09:15","modified_gmt":"2025-12-27T23:09:15","slug":"manikuere-und-lackierung","status":"publish","type":"page","link":"https:\/\/nagelstudio-handwerk-gmunden.at\/?page_id=369","title":{"rendered":"Der Unterschied zwischen Shellac, Gel und Base"},"content":{"rendered":"\n<p><mark style=\"background-color:rgba(0, 0, 0, 0)\" class=\"has-inline-color has-black-color\"><strong>Was ist Shellac?<\/strong><\/mark><\/p>\n\n\n\n<p><mark style=\"background-color:rgba(0, 0, 0, 0)\" class=\"has-inline-color has-black-color\">Shellac ist ein besonders kratzfester und gl\u00e4nzender UV-Lack aus der Pinselflasche. Er h\u00e4lt bis zu 14 Tagen und l\u00e4sst sich ganz leicht mit Remover wieder abl\u00f6sen.<\/mark><\/p>\n\n\n\n<p><strong><mark style=\"background-color:rgba(0, 0, 0, 0)\" class=\"has-inline-color has-black-color\">F\u00fcr wen ist Shellac geeignet?<\/mark><\/strong><\/p>\n\n\n\n<p><mark style=\"background-color:rgba(0, 0, 0, 0)\" class=\"has-inline-color has-black-color\">Shellac ist ideal f\u00fcr alle, die feste Naturn\u00e4gel in kurzer L\u00e4nge tragen m\u00f6chten und sich einen haltbaren, gl\u00e4nzenden Nagellack-Look w\u00fcnschen.<\/mark> <\/p>\n\n\n\n<p><strong><mark style=\"background-color:rgba(0, 0, 0, 0)\" class=\"has-inline-color has-black-color\">Kann Shellac auch l\u00e4nger halten?<\/mark><\/strong><\/p>\n\n\n\n<p><mark style=\"background-color:rgba(0, 0, 0, 0)\" class=\"has-inline-color has-black-color\">Der rasante Fortschritt der letzten Jahre hat neue M\u00f6glichkeiten er\u00f6ffnet. Die zus\u00e4tzliche Verwendung einer Rubber Base kann die Haltbarkeit auf drei bis vier Wochen verl\u00e4ngern \u2013 und das bei einem sehr nat\u00fcrlichen Look.<\/mark><\/p>\n\n\n\n<p><strong><mark style=\"background-color:rgba(0, 0, 0, 0)\" class=\"has-inline-color has-black-color\">Was ist schonender?<\/mark><\/strong><\/p>\n\n\n\n<p><mark style=\"background-color:rgba(0, 0, 0, 0)\" class=\"has-inline-color has-black-color\">Entgegen der verbreiteten Annahme ist Shellac nicht grunds\u00e4tzlich als schonendere Alternative zu Gel zu betrachten \u2013 beides sind lichth\u00e4rtende Kunststoffe mit vergleichbaren Inhaltsstoffen. Die Gesundheit der N\u00e4gel h\u00e4ngt weniger von der Wahl des Produktes, als vielmehr von der fachkundigen Anwendung und professioneller Handhabung ab.<\/mark><\/p>\n\n\n\n<div style=\"height:25px\" aria-hidden=\"true\" class=\"wp-block-spacer\"><\/div>\n\n\n\n<div class=\"wp-block-media-text is-stacked-on-mobile\"><figure class=\"wp-block-media-text__media\"><img loading=\"lazy\" decoding=\"async\" width=\"1024\" height=\"1024\" src=\"https:\/\/nagelstudio-handwerk-gmunden.at\/wp-content\/uploads\/2025\/08\/FullSizeRender-194-1024x1024.jpg\" alt=\"\" class=\"wp-image-9566 size-full\" srcset=\"https:\/\/nagelstudio-handwerk-gmunden.at\/wp-content\/uploads\/2025\/08\/FullSizeRender-194-1024x1024.jpg 1024w, https:\/\/nagelstudio-handwerk-gmunden.at\/wp-content\/uploads\/2025\/08\/FullSizeRender-194-300x300.jpg 300w, https:\/\/nagelstudio-handwerk-gmunden.at\/wp-content\/uploads\/2025\/08\/FullSizeRender-194-150x150.jpg 150w, https:\/\/nagelstudio-handwerk-gmunden.at\/wp-content\/uploads\/2025\/08\/FullSizeRender-194-768x768.jpg 768w, https:\/\/nagelstudio-handwerk-gmunden.at\/wp-content\/uploads\/2025\/08\/FullSizeRender-194-1536x1536.jpg 1536w, https:\/\/nagelstudio-handwerk-gmunden.at\/wp-content\/uploads\/2025\/08\/FullSizeRender-194.jpg 1560w\" sizes=\"auto, (max-width: 1024px) 100vw, 1024px\" \/><\/figure><div class=\"wp-block-media-text__content\">\n<p><mark style=\"background-color:rgba(0, 0, 0, 0)\" class=\"has-inline-color has-black-color\"><strong>Shellac\u2013Lackierung<\/strong>: Nach der Manik\u00fcre wird der vorbereitete Naturnagel in zwei Schichten mit One Step Shellac lackiert. Dieser vereint Base, Farbe und Topcoat in einem Produkt. 60 \u20ac<\/mark><\/p>\n<\/div><\/div>\n\n\n\n<div class=\"wp-block-media-text is-stacked-on-mobile\"><figure class=\"wp-block-media-text__media\"><img loading=\"lazy\" decoding=\"async\" width=\"1024\" height=\"1024\" src=\"https:\/\/nagelstudio-handwerk-gmunden.at\/wp-content\/uploads\/2025\/07\/FullSizeRender-177-1-1024x1024.jpg\" alt=\"\" class=\"wp-image-9123 size-full\" srcset=\"https:\/\/nagelstudio-handwerk-gmunden.at\/wp-content\/uploads\/2025\/07\/FullSizeRender-177-1-1024x1024.jpg 1024w, https:\/\/nagelstudio-handwerk-gmunden.at\/wp-content\/uploads\/2025\/07\/FullSizeRender-177-1-300x300.jpg 300w, https:\/\/nagelstudio-handwerk-gmunden.at\/wp-content\/uploads\/2025\/07\/FullSizeRender-177-1-150x150.jpg 150w, https:\/\/nagelstudio-handwerk-gmunden.at\/wp-content\/uploads\/2025\/07\/FullSizeRender-177-1-768x768.jpg 768w, https:\/\/nagelstudio-handwerk-gmunden.at\/wp-content\/uploads\/2025\/07\/FullSizeRender-177-1-1536x1536.jpg 1536w, https:\/\/nagelstudio-handwerk-gmunden.at\/wp-content\/uploads\/2025\/07\/FullSizeRender-177-1.jpg 1597w\" sizes=\"auto, (max-width: 1024px) 100vw, 1024px\" \/><\/figure><div class=\"wp-block-media-text__content\">\n<p><mark style=\"background-color:rgba(0, 0, 0, 0)\" class=\"has-inline-color has-black-color\"><strong>Shellac\u2013Verst\u00e4rkung<\/strong>: Der Naturnagel wird mit einer Rubber Base leicht verst\u00e4rkt und die Oberfl\u00e4che ausgeglichen. Danach folgen zwei Farbschichten, die hochglanzversiegelt werden. 65 \u20ac<\/mark><\/p>\n<\/div><\/div>\n\n\n\n<div class=\"wp-block-media-text is-stacked-on-mobile\"><figure class=\"wp-block-media-text__media\"><img loading=\"lazy\" decoding=\"async\" width=\"1024\" height=\"1024\" src=\"https:\/\/nagelstudio-handwerk-gmunden.at\/wp-content\/uploads\/2025\/08\/FullSizeRender-183-1-1024x1024.jpg\" alt=\"\" class=\"wp-image-9483 size-full\" srcset=\"https:\/\/nagelstudio-handwerk-gmunden.at\/wp-content\/uploads\/2025\/08\/FullSizeRender-183-1-1024x1024.jpg 1024w, https:\/\/nagelstudio-handwerk-gmunden.at\/wp-content\/uploads\/2025\/08\/FullSizeRender-183-1-300x300.jpg 300w, https:\/\/nagelstudio-handwerk-gmunden.at\/wp-content\/uploads\/2025\/08\/FullSizeRender-183-1-150x150.jpg 150w, https:\/\/nagelstudio-handwerk-gmunden.at\/wp-content\/uploads\/2025\/08\/FullSizeRender-183-1-768x768.jpg 768w, https:\/\/nagelstudio-handwerk-gmunden.at\/wp-content\/uploads\/2025\/08\/FullSizeRender-183-1-1536x1536.jpg 1536w, https:\/\/nagelstudio-handwerk-gmunden.at\/wp-content\/uploads\/2025\/08\/FullSizeRender-183-1.jpg 1716w\" sizes=\"auto, (max-width: 1024px) 100vw, 1024px\" \/><\/figure><div class=\"wp-block-media-text__content\">\n<p><mark style=\"background-color:rgba(0, 0, 0, 0)\" class=\"has-inline-color has-black-color\"><strong>Base<\/strong> Gel: Die flexiblen Base Gele sind ideal f\u00fcr kurze, feste Naturn\u00e4gel. Die Pigmentierung der Base ersetzt eine zus\u00e4tzliche Farbschicht. 65 \u20ac<\/mark><\/p>\n<\/div><\/div>\n\n\n\n<div class=\"wp-block-media-text is-stacked-on-mobile\"><figure class=\"wp-block-media-text__media\"><img loading=\"lazy\" decoding=\"async\" width=\"1024\" height=\"1024\" src=\"https:\/\/nagelstudio-handwerk-gmunden.at\/wp-content\/uploads\/2025\/08\/FullSizeRender-188-1024x1024.jpg\" alt=\"\" class=\"wp-image-9426 size-full\" srcset=\"https:\/\/nagelstudio-handwerk-gmunden.at\/wp-content\/uploads\/2025\/08\/FullSizeRender-188-1024x1024.jpg 1024w, https:\/\/nagelstudio-handwerk-gmunden.at\/wp-content\/uploads\/2025\/08\/FullSizeRender-188-300x300.jpg 300w, https:\/\/nagelstudio-handwerk-gmunden.at\/wp-content\/uploads\/2025\/08\/FullSizeRender-188-150x150.jpg 150w, https:\/\/nagelstudio-handwerk-gmunden.at\/wp-content\/uploads\/2025\/08\/FullSizeRender-188-768x768.jpg 768w, https:\/\/nagelstudio-handwerk-gmunden.at\/wp-content\/uploads\/2025\/08\/FullSizeRender-188-1536x1536.jpg 1536w, https:\/\/nagelstudio-handwerk-gmunden.at\/wp-content\/uploads\/2025\/08\/FullSizeRender-188.jpg 2005w\" sizes=\"auto, (max-width: 1024px) 100vw, 1024px\" \/><\/figure><div class=\"wp-block-media-text__content\">\n<p><mark style=\"background-color:rgba(0, 0, 0, 0)\" class=\"has-inline-color has-black-color\"><strong>Gel<\/strong>: Harte Gele st\u00e4rken und stabilisieren den Naturnagel zuverl\u00e4ssig. Sie eignen sich f\u00fcr alle Nageltypen, besonders f\u00fcr weiche oder l\u00e4ngere N\u00e4gel, Nagelbei\u00dfer sowie f\u00fcr pr\u00e4zise Korrekturarbeiten oder Nageltransformationen. 65 \u20ac<\/mark><\/p>\n<\/div><\/div>\n","protected":false},"excerpt":{"rendered":"<p>Was ist Shellac? Shellac ist ein besonders kratzfester und gl\u00e4nzender UV-Lack aus der Pinselflasche. Er h\u00e4lt bis zu 14 Tagen und l\u00e4sst sich ganz leicht mit Remover wieder abl\u00f6sen. F\u00fcr wen ist Shellac geeignet? Shellac ist ideal f\u00fcr alle, die &hellip; <a href=\"https:\/\/nagelstudio-handwerk-gmunden.at\/?page_id=369\">Weiterlesen <span class=\"meta-nav\">&rarr;<\/span><\/a><\/p>\n","protected":false},"author":1,"featured_media":0,"parent":4291,"menu_order":3,"comment_status":"closed","ping_status":"closed","template":"","meta":{"footnotes":""},"class_list":["post-369","page","type-page","status-publish","hentry"],"_links":{"self":[{"href":"https:\/\/nagelstudio-handwerk-gmunden.at\/index.php?rest_route=\/wp\/v2\/pages\/369","targetHints":{"allow":["GET"]}}],"collection":[{"href":"https:\/\/nagelstudio-handwerk-gmunden.at\/index.php?rest_route=\/wp\/v2\/pages"}],"about":[{"href":"https:\/\/nagelstudio-handwerk-gmunden.at\/index.php?rest_route=\/wp\/v2\/types\/page"}],"author":[{"embeddable":true,"href":"https:\/\/nagelstudio-handwerk-gmunden.at\/index.php?rest_route=\/wp\/v2\/users\/1"}],"replies":[{"embeddable":true,"href":"https:\/\/nagelstudio-handwerk-gmunden.at\/index.php?rest_route=%2Fwp%2Fv2%2Fcomments&post=369"}],"version-history":[{"count":227,"href":"https:\/\/nagelstudio-handwerk-gmunden.at\/index.php?rest_route=\/wp\/v2\/pages\/369\/revisions"}],"predecessor-version":[{"id":9737,"href":"https:\/\/nagelstudio-handwerk-gmunden.at\/index.php?rest_route=\/wp\/v2\/pages\/369\/revisions\/9737"}],"up":[{"embeddable":true,"href":"https:\/\/nagelstudio-handwerk-gmunden.at\/index.php?rest_route=\/wp\/v2\/pages\/4291"}],"wp:attachment":[{"href":"https:\/\/nagelstudio-handwerk-gmunden.at\/index.php?rest_route=%2Fwp%2Fv2%2Fmedia&parent=369"}],"curies":[{"name":"wp","href":"https:\/\/api.w.org\/{rel}","templated":true}]}}

<p><mark style="background-color:rgba(0, 0, 0, 0)" class="has-inline-color has-black-color"><strong>Was ist Shellac?</strong></mark></p>



<p><mark style="background-color:rgba(0, 0, 0, 0)" class="has-inline-color has-black-color">Shellac ist ein besonders kratzfester und glänzender UV-Lack aus der Pinselflasche. Er hält bis zu 14 Tagen und lässt sich ganz leicht mit Remover wieder ablösen.</mark></p>



<p><strong><mark style="background-color:rgba(0, 0, 0, 0)" class="has-inline-color has-black-color">Für wen ist Shellac geeignet?</mark></strong></p>



<p><mark style="background-color:rgba(0, 0, 0, 0)" class="has-inline-color has-black-color">Shellac ist ideal für alle, die feste Naturnägel in kurzer Länge tragen möchten und sich einen haltbaren, glänzenden Nagellack-Look wünschen.</mark> </p>



<p><strong><mark style="background-color:rgba(0, 0, 0, 0)" class="has-inline-color has-black-color">Kann Shellac auch länger halten?</mark></strong></p>



<p><mark style="background-color:rgba(0, 0, 0, 0)" class="has-inline-color has-black-color">Der rasante Fortschritt der letzten Jahre hat neue Möglichkeiten eröffnet. Die zusätzliche Verwendung einer Rubber Base kann die Haltbarkeit auf drei bis vier Wochen verlängern – und das bei einem sehr natürlichen Look.</mark></p>



<p><strong><mark style="background-color:rgba(0, 0, 0, 0)" class="has-inline-color has-black-color">Was ist schonender?</mark></strong></p>



<p><mark style="background-color:rgba(0, 0, 0, 0)" class="has-inline-color has-black-color">Entgegen der verbreiteten Annahme ist Shellac nicht grundsätzlich als schonendere Alternative zu Gel zu betrachten – beides sind lichthärtende Kunststoffe mit vergleichbaren Inhaltsstoffen. Die Gesundheit der Nägel hängt weniger von der Wahl des Produktes, als vielmehr von der fachkundigen Anwendung und professioneller Handhabung ab.</mark></p>



<div style="height:25px" aria-hidden="true" class="wp-block-spacer"></div>



<div class="wp-block-media-text is-stacked-on-mobile"><figure class="wp-block-media-text__media"><img loading="lazy" decoding="async" width="1024" height="1024" src="https://nagelstudio-handwerk-gmunden.at/wp-content/uploads/2025/08/FullSizeRender-194-1024x1024.jpg" alt="" class="wp-image-9566 size-full" srcset="https://nagelstudio-handwerk-gmunden.at/wp-content/uploads/2025/08/FullSizeRender-194-1024x1024.jpg 1024w, https://nagelstudio-handwerk-gmunden.at/wp-content/uploads/2025/08/FullSizeRender-194-300x300.jpg 300w, https://nagelstudio-handwerk-gmunden.at/wp-content/uploads/2025/08/FullSizeRender-194-150x150.jpg 150w, https://nagelstudio-handwerk-gmunden.at/wp-content/uploads/2025/08/FullSizeRender-194-768x768.jpg 768w, https://nagelstudio-handwerk-gmunden.at/wp-content/uploads/2025/08/FullSizeRender-194-1536x1536.jpg 1536w, https://nagelstudio-handwerk-gmunden.at/wp-content/uploads/2025/08/FullSizeRender-194.jpg 1560w" sizes="auto, (max-width: 1024px) 100vw, 1024px" /></figure><div class="wp-block-media-text__content">
<p><mark style="background-color:rgba(0, 0, 0, 0)" class="has-inline-color has-black-color"><strong>Shellac–Lackierung</strong>: Nach der Maniküre wird der vorbereitete Naturnagel in zwei Schichten mit One Step Shellac lackiert. Dieser vereint Base, Farbe und Topcoat in einem Produkt. 60 €</mark></p>
</div></div>



<div class="wp-block-media-text is-stacked-on-mobile"><figure class="wp-block-media-text__media"><img loading="lazy" decoding="async" width="1024" height="1024" src="https://nagelstudio-handwerk-gmunden.at/wp-content/uploads/2025/07/FullSizeRender-177-1-1024x1024.jpg" alt="" class="wp-image-9123 size-full" srcset="https://nagelstudio-handwerk-gmunden.at/wp-content/uploads/2025/07/FullSizeRender-177-1-1024x1024.jpg 1024w, https://nagelstudio-handwerk-gmunden.at/wp-content/uploads/2025/07/FullSizeRender-177-1-300x300.jpg 300w, https://nagelstudio-handwerk-gmunden.at/wp-content/uploads/2025/07/FullSizeRender-177-1-150x150.jpg 150w, https://nagelstudio-handwerk-gmunden.at/wp-content/uploads/2025/07/FullSizeRender-177-1-768x768.jpg 768w, https://nagelstudio-handwerk-gmunden.at/wp-content/uploads/2025/07/FullSizeRender-177-1-1536x1536.jpg 1536w, https://nagelstudio-handwerk-gmunden.at/wp-content/uploads/2025/07/FullSizeRender-177-1.jpg 1597w" sizes="auto, (max-width: 1024px) 100vw, 1024px" /></figure><div class="wp-block-media-text__content">
<p><mark style="background-color:rgba(0, 0, 0, 0)" class="has-inline-color has-black-color"><strong>Shellac–Verstärkung</strong>: Der Naturnagel wird mit einer Rubber Base leicht verstärkt und die Oberfläche ausgeglichen. Danach folgen zwei Farbschichten, die hochglanzversiegelt werden. 65 €</mark></p>
</div></div>



<div class="wp-block-media-text is-stacked-on-mobile"><figure class="wp-block-media-text__media"><img loading="lazy" decoding="async" width="1024" height="1024" src="https://nagelstudio-handwerk-gmunden.at/wp-content/uploads/2025/08/FullSizeRender-183-1-1024x1024.jpg" alt="" class="wp-image-9483 size-full" srcset="https://nagelstudio-handwerk-gmunden.at/wp-content/uploads/2025/08/FullSizeRender-183-1-1024x1024.jpg 1024w, https://nagelstudio-handwerk-gmunden.at/wp-content/uploads/2025/08/FullSizeRender-183-1-300x300.jpg 300w, https://nagelstudio-handwerk-gmunden.at/wp-content/uploads/2025/08/FullSizeRender-183-1-150x150.jpg 150w, https://nagelstudio-handwerk-gmunden.at/wp-content/uploads/2025/08/FullSizeRender-183-1-768x768.jpg 768w, https://nagelstudio-handwerk-gmunden.at/wp-content/uploads/2025/08/FullSizeRender-183-1-1536x1536.jpg 1536w, https://nagelstudio-handwerk-gmunden.at/wp-content/uploads/2025/08/FullSizeRender-183-1.jpg 1716w" sizes="auto, (max-width: 1024px) 100vw, 1024px" /></figure><div class="wp-block-media-text__content">
<p><mark style="background-color:rgba(0, 0, 0, 0)" class="has-inline-color has-black-color"><strong>Base</strong> Gel: Die flexiblen Base Gele sind ideal für kurze, feste Naturnägel. Die Pigmentierung der Base ersetzt eine zusätzliche Farbschicht. 65 €</mark></p>
</div></div>



<div class="wp-block-media-text is-stacked-on-mobile"><figure class="wp-block-media-text__media"><img loading="lazy" decoding="async" width="1024" height="1024" src="https://nagelstudio-handwerk-gmunden.at/wp-content/uploads/2025/08/FullSizeRender-188-1024x1024.jpg" alt="" class="wp-image-9426 size-full" srcset="https://nagelstudio-handwerk-gmunden.at/wp-content/uploads/2025/08/FullSizeRender-188-1024x1024.jpg 1024w, https://nagelstudio-handwerk-gmunden.at/wp-content/uploads/2025/08/FullSizeRender-188-300x300.jpg 300w, https://nagelstudio-handwerk-gmunden.at/wp-content/uploads/2025/08/FullSizeRender-188-150x150.jpg 150w, https://nagelstudio-handwerk-gmunden.at/wp-content/uploads/2025/08/FullSizeRender-188-768x768.jpg 768w, https://nagelstudio-handwerk-gmunden.at/wp-content/uploads/2025/08/FullSizeRender-188-1536x1536.jpg 1536w, https://nagelstudio-handwerk-gmunden.at/wp-content/uploads/2025/08/FullSizeRender-188.jpg 2005w" sizes="auto, (max-width: 1024px) 100vw, 1024px" /></figure><div class="wp-block-media-text__content">
<p><mark style="background-color:rgba(0, 0, 0, 0)" class="has-inline-color has-black-color"><strong>Gel</strong>: Harte Gele stärken und stabilisieren den Naturnagel zuverlässig. Sie eignen sich für alle Nageltypen, besonders für weiche oder längere Nägel, Nagelbeißer sowie für präzise Korrekturarbeiten oder Nageltransformationen. 65 €</mark></p>
</div></div>

<p>Was ist Shellac? Shellac ist ein besonders kratzfester und glänzender UV-Lack aus der Pinselflasche. Er hält bis zu 14 Tagen und lässt sich ganz leicht mit Remover wieder ablösen. Für wen ist Shellac geeignet? Shellac ist ideal für alle, die &hellip; <a href="https://nagelstudio-handwerk-gmunden.at/?page_id=369">Weiterlesen <span class="meta-nav">&rarr;</span></a></p>
