{"id":5239,"date":"2024-08-18T19:38:25","date_gmt":"2024-08-18T19:38:25","guid":{"rendered":"https:\/\/nagelstudio-handwerk-gmunden.at\/?page_id=5239"},"modified":"2025-05-11T11:09:53","modified_gmt":"2025-05-11T11:09:53","slug":"pflegehinweise-2","status":"publish","type":"page","link":"https:\/\/nagelstudio-handwerk-gmunden.at\/?page_id=5239","title":{"rendered":"Pflegehinweise"},"content":{"rendered":"\n<div class=\"wp-block-media-text is-stacked-on-mobile\"><figure class=\"wp-block-media-text__media\"><img loading=\"lazy\" decoding=\"async\" width=\"543\" height=\"407\" src=\"https:\/\/nagelstudio-handwerk-gmunden.at\/wp-content\/uploads\/2024\/10\/handcreme-2.jpg\" alt=\"\" class=\"wp-image-6773 size-full\" srcset=\"https:\/\/nagelstudio-handwerk-gmunden.at\/wp-content\/uploads\/2024\/10\/handcreme-2.jpg 543w, https:\/\/nagelstudio-handwerk-gmunden.at\/wp-content\/uploads\/2024\/10\/handcreme-2-300x225.jpg 300w, https:\/\/nagelstudio-handwerk-gmunden.at\/wp-content\/uploads\/2024\/10\/handcreme-2-400x300.jpg 400w\" sizes=\"auto, (max-width: 543px) 100vw, 543px\" \/><\/figure><div class=\"wp-block-media-text__content\">\n<p><mark style=\"background-color:rgba(0, 0, 0, 0)\" class=\"has-inline-color has-black-color\">Trockene H\u00e4nde ben\u00f6tigen besondere Pflege. Neben einer hochwertigen <\/mark><mark style=\"background-color:rgba(0, 0, 0, 0)\" class=\"has-inline-color has-blue-color\">Handcreme<\/mark><mark style=\"background-color:rgba(0, 0, 0, 0)\" class=\"has-inline-color has-black-color\"> k\u00f6nnen auch Seren und Cremes aus der Gesichtspflege verwendet werden, um die H\u00e4nde geschmeidig zu halten.<\/mark><\/p>\n<\/div><\/div>\n\n\n\n<p><\/p>\n\n\n\n<div class=\"wp-block-media-text is-stacked-on-mobile\"><figure class=\"wp-block-media-text__media\"><img loading=\"lazy\" decoding=\"async\" width=\"1024\" height=\"768\" src=\"https:\/\/nagelstudio-handwerk-gmunden.at\/wp-content\/uploads\/2024\/10\/nageloel-2-1024x768.jpg\" alt=\"\" class=\"wp-image-6774 size-full\" srcset=\"https:\/\/nagelstudio-handwerk-gmunden.at\/wp-content\/uploads\/2024\/10\/nageloel-2-1024x768.jpg 1024w, https:\/\/nagelstudio-handwerk-gmunden.at\/wp-content\/uploads\/2024\/10\/nageloel-2-300x225.jpg 300w, https:\/\/nagelstudio-handwerk-gmunden.at\/wp-content\/uploads\/2024\/10\/nageloel-2-768x576.jpg 768w, https:\/\/nagelstudio-handwerk-gmunden.at\/wp-content\/uploads\/2024\/10\/nageloel-2-400x300.jpg 400w, https:\/\/nagelstudio-handwerk-gmunden.at\/wp-content\/uploads\/2024\/10\/nageloel-2.jpg 1440w\" sizes=\"auto, (max-width: 1024px) 100vw, 1024px\" \/><\/figure><div class=\"wp-block-media-text__content\">\n<p><mark style=\"background-color:rgba(0, 0, 0, 0)\" class=\"has-inline-color has-blue-color\">T\u00e4gliche Pflege mit Nagel\u00f6l<\/mark><mark style=\"background-color:rgba(0, 0, 0, 0)\" class=\"has-inline-color has-black-color\"> ist der Schl\u00fcssel zu gesunder Nagelhaut. Nat\u00fcrliche \u00d6le wie Mandel\u00f6l verhindern das Festwachsen, erleichtern die Manik\u00fcre und sorgen f\u00fcr ein sch\u00f6neres Ergebnis.<\/mark><\/p>\n<\/div><\/div>\n\n\n\n<div class=\"wp-block-media-text is-stacked-on-mobile\"><figure class=\"wp-block-media-text__media\"><img loading=\"lazy\" decoding=\"async\" width=\"543\" height=\"407\" src=\"https:\/\/nagelstudio-handwerk-gmunden.at\/wp-content\/uploads\/2024\/10\/seife-2.jpg\" alt=\"\" class=\"wp-image-6775 size-full\" srcset=\"https:\/\/nagelstudio-handwerk-gmunden.at\/wp-content\/uploads\/2024\/10\/seife-2.jpg 543w, https:\/\/nagelstudio-handwerk-gmunden.at\/wp-content\/uploads\/2024\/10\/seife-2-300x225.jpg 300w, https:\/\/nagelstudio-handwerk-gmunden.at\/wp-content\/uploads\/2024\/10\/seife-2-400x300.jpg 400w\" sizes=\"auto, (max-width: 543px) 100vw, 543px\" \/><\/figure><div class=\"wp-block-media-text__content\">\n<p><mark style=\"background-color:rgba(0, 0, 0, 0)\" class=\"has-inline-color has-black-color\">Nicht nur Desinfektions- und Reinigungsmittel, sondern auch Shampoo, Duschgel, Seife und Sp\u00fclmittel k\u00f6nnen durch ihre <\/mark><mark style=\"background-color:rgba(0, 0, 0, 0)\" class=\"has-inline-color has-blue-color\">entfettende Wirkung (SLS) empfindliche Haut austrocknen und zu Irritationen f\u00fchren.<\/mark><\/p>\n<\/div><\/div>\n\n\n\n<div class=\"wp-block-media-text is-stacked-on-mobile\"><figure class=\"wp-block-media-text__media\"><img loading=\"lazy\" decoding=\"async\" width=\"765\" height=\"574\" src=\"https:\/\/nagelstudio-handwerk-gmunden.at\/wp-content\/uploads\/2024\/10\/handdesinfektion-2.jpg\" alt=\"\" class=\"wp-image-6776 size-full\" srcset=\"https:\/\/nagelstudio-handwerk-gmunden.at\/wp-content\/uploads\/2024\/10\/handdesinfektion-2.jpg 765w, https:\/\/nagelstudio-handwerk-gmunden.at\/wp-content\/uploads\/2024\/10\/handdesinfektion-2-300x225.jpg 300w, https:\/\/nagelstudio-handwerk-gmunden.at\/wp-content\/uploads\/2024\/10\/handdesinfektion-2-400x300.jpg 400w\" sizes=\"auto, (max-width: 765px) 100vw, 765px\" \/><\/figure><div class=\"wp-block-media-text__content\">\n<p><mark style=\"background-color:rgba(0, 0, 0, 0)\" class=\"has-inline-color has-black-color\">Feuchtigkeit in <\/mark><mark style=\"background-color:rgba(0, 0, 0, 0)\" class=\"has-inline-color has-blue-color\">Liftings<\/mark><mark style=\"background-color:rgba(0, 0, 0, 0)\" class=\"has-inline-color has-black-color\"> bildet einen idealen N\u00e4hrboden f\u00fcr Pseudomonasbakterien, die gr\u00fcn verf\u00e4rbte N\u00e4gel (\u201eGreenie&#8220;) verursachen. <\/mark><mark style=\"background-color:rgba(0, 0, 0, 0)\" class=\"has-inline-color has-blue-color\">Bitte vereinbaren Sie einen Reparaturtermin<\/mark>.<\/p>\n<\/div><\/div>\n\n\n\n<div class=\"wp-block-media-text is-stacked-on-mobile\"><figure class=\"wp-block-media-text__media\"><img loading=\"lazy\" decoding=\"async\" width=\"853\" height=\"640\" src=\"https:\/\/nagelstudio-handwerk-gmunden.at\/wp-content\/uploads\/2024\/10\/terminvereinbarung.jpg\" alt=\"\" class=\"wp-image-6777 size-full\" srcset=\"https:\/\/nagelstudio-handwerk-gmunden.at\/wp-content\/uploads\/2024\/10\/terminvereinbarung.jpg 853w, https:\/\/nagelstudio-handwerk-gmunden.at\/wp-content\/uploads\/2024\/10\/terminvereinbarung-300x225.jpg 300w, https:\/\/nagelstudio-handwerk-gmunden.at\/wp-content\/uploads\/2024\/10\/terminvereinbarung-768x576.jpg 768w, https:\/\/nagelstudio-handwerk-gmunden.at\/wp-content\/uploads\/2024\/10\/terminvereinbarung-400x300.jpg 400w\" sizes=\"auto, (max-width: 853px) 100vw, 853px\" \/><\/figure><div class=\"wp-block-media-text__content\">\n<p><mark style=\"background-color:rgba(0, 0, 0, 0)\" class=\"has-inline-color has-blue-color\">Die maximale Tragedauer betr\u00e4gt bei kurzen N\u00e4geln 4 Wochen, bei langen N\u00e4geln 3 Wochen. <\/mark><mark style=\"background-color:rgba(0, 0, 0, 0)\" class=\"has-inline-color has-black-color\">Ein \u00dcbertragen kann zu Liftings oder Verletzungen f\u00fchren. Die L\u00e4nge der herausgewachsenen Modellage darf und soll bei Bedarf mit einer Feile gek\u00fcrzt werden.<\/mark><\/p>\n<\/div><\/div>\n","protected":false},"excerpt":{"rendered":"<p>Trockene H\u00e4nde ben\u00f6tigen besondere Pflege. Neben einer hochwertigen Handcreme k\u00f6nnen auch Seren und Cremes aus der Gesichtspflege verwendet werden, um die H\u00e4nde geschmeidig zu halten. T\u00e4gliche Pflege mit Nagel\u00f6l ist der Schl\u00fcssel zu gesunder Nagelhaut. Nat\u00fcrliche \u00d6le wie Mandel\u00f6l verhindern &hellip; <a href=\"https:\/\/nagelstudio-handwerk-gmunden.at\/?page_id=5239\">Weiterlesen <span class=\"meta-nav\">&rarr;<\/span><\/a><\/p>\n","protected":false},"author":1,"featured_media":0,"parent":4295,"menu_order":2,"comment_status":"closed","ping_status":"closed","template":"","meta":{"footnotes":""},"class_list":["post-5239","page","type-page","status-publish","hentry"],"_links":{"self":[{"href":"https:\/\/nagelstudio-handwerk-gmunden.at\/index.php?rest_route=\/wp\/v2\/pages\/5239","targetHints":{"allow":["GET"]}}],"collection":[{"href":"https:\/\/nagelstudio-handwerk-gmunden.at\/index.php?rest_route=\/wp\/v2\/pages"}],"about":[{"href":"https:\/\/nagelstudio-handwerk-gmunden.at\/index.php?rest_route=\/wp\/v2\/types\/page"}],"author":[{"embeddable":true,"href":"https:\/\/nagelstudio-handwerk-gmunden.at\/index.php?rest_route=\/wp\/v2\/users\/1"}],"replies":[{"embeddable":true,"href":"https:\/\/nagelstudio-handwerk-gmunden.at\/index.php?rest_route=%2Fwp%2Fv2%2Fcomments&post=5239"}],"version-history":[{"count":14,"href":"https:\/\/nagelstudio-handwerk-gmunden.at\/index.php?rest_route=\/wp\/v2\/pages\/5239\/revisions"}],"predecessor-version":[{"id":8731,"href":"https:\/\/nagelstudio-handwerk-gmunden.at\/index.php?rest_route=\/wp\/v2\/pages\/5239\/revisions\/8731"}],"up":[{"embeddable":true,"href":"https:\/\/nagelstudio-handwerk-gmunden.at\/index.php?rest_route=\/wp\/v2\/pages\/4295"}],"wp:attachment":[{"href":"https:\/\/nagelstudio-handwerk-gmunden.at\/index.php?rest_route=%2Fwp%2Fv2%2Fmedia&parent=5239"}],"curies":[{"name":"wp","href":"https:\/\/api.w.org\/{rel}","templated":true}]}}