{"id":7193,"date":"2025-01-24T21:05:33","date_gmt":"2025-01-24T21:05:33","guid":{"rendered":"https:\/\/nagelstudio-handwerk-gmunden.at\/?page_id=7193"},"modified":"2025-08-15T16:58:54","modified_gmt":"2025-08-15T16:58:54","slug":"qualitaetsstandards","status":"publish","type":"page","link":"https:\/\/nagelstudio-handwerk-gmunden.at\/?page_id=7193","title":{"rendered":"Qualit\u00e4tsstandards"},"content":{"rendered":"\n<div style=\"height:19px\" aria-hidden=\"true\" class=\"wp-block-spacer\"><\/div>\n\n\n\n<p class=\"has-text-align-center\"><strong><mark style=\"background-color:rgba(0, 0, 0, 0)\" class=\"has-inline-color has-black-color\">Pr\u00e4zision &amp; Techniken<\/mark><\/strong><\/p>\n\n\n\n<div class=\"wp-block-media-text is-stacked-on-mobile\"><figure class=\"wp-block-media-text__media\"><img loading=\"lazy\" decoding=\"async\" width=\"1024\" height=\"1024\" src=\"https:\/\/nagelstudio-handwerk-gmunden.at\/wp-content\/uploads\/2024\/09\/FullSizeRender-42-1024x1024.jpg\" alt=\"\" class=\"wp-image-6463 size-full\" srcset=\"https:\/\/nagelstudio-handwerk-gmunden.at\/wp-content\/uploads\/2024\/09\/FullSizeRender-42-1024x1024.jpg 1024w, https:\/\/nagelstudio-handwerk-gmunden.at\/wp-content\/uploads\/2024\/09\/FullSizeRender-42-300x300.jpg 300w, https:\/\/nagelstudio-handwerk-gmunden.at\/wp-content\/uploads\/2024\/09\/FullSizeRender-42-150x150.jpg 150w, https:\/\/nagelstudio-handwerk-gmunden.at\/wp-content\/uploads\/2024\/09\/FullSizeRender-42-768x768.jpg 768w, https:\/\/nagelstudio-handwerk-gmunden.at\/wp-content\/uploads\/2024\/09\/FullSizeRender-42-1536x1536.jpg 1536w, https:\/\/nagelstudio-handwerk-gmunden.at\/wp-content\/uploads\/2024\/09\/FullSizeRender-42.jpg 1793w\" sizes=\"auto, (max-width: 1024px) 100vw, 1024px\" \/><\/figure><div class=\"wp-block-media-text__content\">\n<p><mark style=\"background-color:rgba(0, 0, 0, 0)\" class=\"has-inline-color has-black-color\">Modernste Techniken f\u00fcr haltbare, d\u00fcnne und nat\u00fcrlich aussehende N\u00e4gel<\/mark><\/p>\n\n\n\n<p><mark style=\"background-color:rgba(0, 0, 0, 0)\" class=\"has-inline-color has-black-color\">Sorgf\u00e4ltige Ausf\u00fchrung jeder Behandlung mit Liebe zum Detail<\/mark><\/p>\n\n\n\n<p><mark style=\"background-color:rgba(0, 0, 0, 0)\" class=\"has-inline-color has-black-color\">Professionelle Nagelverl\u00e4ngerung ohne Tips<\/mark><\/p>\n<\/div><\/div>\n\n\n\n<div style=\"height:19px\" aria-hidden=\"true\" class=\"wp-block-spacer\"><\/div>\n\n\n\n<p class=\"has-text-align-center\"><strong><mark style=\"background-color:rgba(0, 0, 0, 0)\" class=\"has-inline-color has-black-color\">Premium-Produkte<\/mark><\/strong><\/p>\n\n\n\n<div class=\"wp-block-media-text is-stacked-on-mobile\"><figure class=\"wp-block-media-text__media\"><img loading=\"lazy\" decoding=\"async\" width=\"1024\" height=\"1022\" src=\"https:\/\/nagelstudio-handwerk-gmunden.at\/wp-content\/uploads\/2025\/01\/akzentzz-1024x1022.png\" alt=\"\" class=\"wp-image-7230 size-full\" srcset=\"https:\/\/nagelstudio-handwerk-gmunden.at\/wp-content\/uploads\/2025\/01\/akzentzz-1024x1022.png 1024w, https:\/\/nagelstudio-handwerk-gmunden.at\/wp-content\/uploads\/2025\/01\/akzentzz-300x300.png 300w, https:\/\/nagelstudio-handwerk-gmunden.at\/wp-content\/uploads\/2025\/01\/akzentzz-150x150.png 150w, https:\/\/nagelstudio-handwerk-gmunden.at\/wp-content\/uploads\/2025\/01\/akzentzz-768x767.png 768w, https:\/\/nagelstudio-handwerk-gmunden.at\/wp-content\/uploads\/2025\/01\/akzentzz-301x300.png 301w, https:\/\/nagelstudio-handwerk-gmunden.at\/wp-content\/uploads\/2025\/01\/akzentzz.png 1162w\" sizes=\"auto, (max-width: 1024px) 100vw, 1024px\" \/><\/figure><div class=\"wp-block-media-text__content\">\n<p><mark style=\"background-color:rgba(0, 0, 0, 0)\" class=\"has-inline-color has-black-color\">Spitzenprodukte wie IBX f\u00fcr die Regeneration besch\u00e4digter N\u00e4gel<\/mark><\/p>\n\n\n\n<p><mark style=\"background-color:rgba(0, 0, 0, 0)\" class=\"has-inline-color has-black-color\">Innovative Bottle Gele f\u00fcr nat\u00fcrliche Optik<\/mark><\/p>\n\n\n\n<p><mark style=\"background-color:rgba(0, 0, 0, 0)\" class=\"has-inline-color has-black-color\">Exklusive Gelserie der Weltmarke Akzentz f\u00fcr h\u00f6chste Qualit\u00e4t<\/mark><\/p>\n<\/div><\/div>\n\n\n\n<div style=\"height:19px\" aria-hidden=\"true\" class=\"wp-block-spacer\"><\/div>\n\n\n\n<p class=\"has-text-align-center\"><strong><mark style=\"background-color:rgba(0, 0, 0, 0)\" class=\"has-inline-color has-black-color\">H\u00f6chste Hygienestandards<\/mark><\/strong><\/p>\n\n\n\n<div class=\"wp-block-media-text is-stacked-on-mobile\"><figure class=\"wp-block-media-text__media\"><img loading=\"lazy\" decoding=\"async\" width=\"1024\" height=\"1024\" src=\"https:\/\/nagelstudio-handwerk-gmunden.at\/wp-content\/uploads\/2025\/08\/IMG_0536-1024x1024.jpg\" alt=\"\" class=\"wp-image-9441 size-full\" srcset=\"https:\/\/nagelstudio-handwerk-gmunden.at\/wp-content\/uploads\/2025\/08\/IMG_0536-1024x1024.jpg 1024w, https:\/\/nagelstudio-handwerk-gmunden.at\/wp-content\/uploads\/2025\/08\/IMG_0536-300x300.jpg 300w, https:\/\/nagelstudio-handwerk-gmunden.at\/wp-content\/uploads\/2025\/08\/IMG_0536-150x150.jpg 150w, https:\/\/nagelstudio-handwerk-gmunden.at\/wp-content\/uploads\/2025\/08\/IMG_0536-768x768.jpg 768w, https:\/\/nagelstudio-handwerk-gmunden.at\/wp-content\/uploads\/2025\/08\/IMG_0536-1536x1536.jpg 1536w, https:\/\/nagelstudio-handwerk-gmunden.at\/wp-content\/uploads\/2025\/08\/IMG_0536-2048x2048.jpg 2048w\" sizes=\"auto, (max-width: 1024px) 100vw, 1024px\" \/><\/figure><div class=\"wp-block-media-text__content\">\n<p><mark style=\"background-color:rgba(0, 0, 0, 0)\" class=\"has-inline-color has-black-color\">Hygienisches Arbeiten mit Handschuhen<\/mark><\/p>\n\n\n\n<p><mark style=\"background-color:rgba(0, 0, 0, 0)\" class=\"has-inline-color has-black-color\">Einwegprodukte und sterile Werkzeuge<\/mark><\/p>\n\n\n\n<p><mark style=\"background-color:rgba(0, 0, 0, 0)\" class=\"has-inline-color has-black-color\">Sauberer Arbeitsplatz mit leistungsstarker Staubabsaugung und Aktivkohlefiltertechnologie<\/mark><\/p>\n<\/div><\/div>\n\n\n\n<div style=\"height:19px\" aria-hidden=\"true\" class=\"wp-block-spacer\"><\/div>\n\n\n\n<p class=\"has-text-align-center\"><strong><mark style=\"background-color:rgba(0, 0, 0, 0)\" class=\"has-inline-color has-black-color\">Fachkompetenz &amp; Weiterbildung<\/mark><\/strong><\/p>\n\n\n\n<div class=\"wp-block-media-text is-stacked-on-mobile\"><figure class=\"wp-block-media-text__media\"><img loading=\"lazy\" decoding=\"async\" width=\"1024\" height=\"1024\" src=\"https:\/\/nagelstudio-handwerk-gmunden.at\/wp-content\/uploads\/2025\/01\/FullSizeRender-95-1024x1024.jpg\" alt=\"\" class=\"wp-image-7233 size-full\" srcset=\"https:\/\/nagelstudio-handwerk-gmunden.at\/wp-content\/uploads\/2025\/01\/FullSizeRender-95-1024x1024.jpg 1024w, https:\/\/nagelstudio-handwerk-gmunden.at\/wp-content\/uploads\/2025\/01\/FullSizeRender-95-300x300.jpg 300w, https:\/\/nagelstudio-handwerk-gmunden.at\/wp-content\/uploads\/2025\/01\/FullSizeRender-95-150x150.jpg 150w, https:\/\/nagelstudio-handwerk-gmunden.at\/wp-content\/uploads\/2025\/01\/FullSizeRender-95-768x768.jpg 768w, https:\/\/nagelstudio-handwerk-gmunden.at\/wp-content\/uploads\/2025\/01\/FullSizeRender-95-1536x1536.jpg 1536w, https:\/\/nagelstudio-handwerk-gmunden.at\/wp-content\/uploads\/2025\/01\/FullSizeRender-95-2048x2048.jpg 2048w\" sizes=\"auto, (max-width: 1024px) 100vw, 1024px\" \/><\/figure><div class=\"wp-block-media-text__content\">\n<p><mark style=\"background-color:rgba(0, 0, 0, 0)\" class=\"has-inline-color has-black-color\">Kontinuierliche Teilnahme an Weiterbildungen<\/mark><\/p>\n\n\n\n<p><mark style=\"background-color:rgba(0, 0, 0, 0)\" class=\"has-inline-color has-black-color\">Fundiertes Wissen von Produktchemie bis hin zu Dermatologie<\/mark><\/p>\n\n\n\n<p>Regelm\u00e4\u00dfige <mark style=\"background-color:rgba(0, 0, 0, 0)\" class=\"has-inline-color has-black-color\">Teilnahme an Messen und Meisterschaften<\/mark><\/p>\n<\/div><\/div>\n\n\n\n<div style=\"height:19px\" aria-hidden=\"true\" class=\"wp-block-spacer\"><\/div>\n\n\n\n<p class=\"has-text-align-center\"><strong><mark style=\"background-color:rgba(0, 0, 0, 0)\" class=\"has-inline-color has-black-color\">Innovative Ausstattung &amp; Komfort<\/mark><\/strong><\/p>\n\n\n\n<div class=\"wp-block-media-text is-stacked-on-mobile\"><figure class=\"wp-block-media-text__media\"><img loading=\"lazy\" decoding=\"async\" width=\"1024\" height=\"1024\" src=\"https:\/\/nagelstudio-handwerk-gmunden.at\/wp-content\/uploads\/2025\/01\/FullSizeRender-96-1024x1024.jpg\" alt=\"\" class=\"wp-image-7234 size-full\" srcset=\"https:\/\/nagelstudio-handwerk-gmunden.at\/wp-content\/uploads\/2025\/01\/FullSizeRender-96-1024x1024.jpg 1024w, https:\/\/nagelstudio-handwerk-gmunden.at\/wp-content\/uploads\/2025\/01\/FullSizeRender-96-300x300.jpg 300w, https:\/\/nagelstudio-handwerk-gmunden.at\/wp-content\/uploads\/2025\/01\/FullSizeRender-96-150x150.jpg 150w, https:\/\/nagelstudio-handwerk-gmunden.at\/wp-content\/uploads\/2025\/01\/FullSizeRender-96-768x768.jpg 768w, https:\/\/nagelstudio-handwerk-gmunden.at\/wp-content\/uploads\/2025\/01\/FullSizeRender-96-1536x1536.jpg 1536w, https:\/\/nagelstudio-handwerk-gmunden.at\/wp-content\/uploads\/2025\/01\/FullSizeRender-96-2048x2048.jpg 2048w\" sizes=\"auto, (max-width: 1024px) 100vw, 1024px\" \/><\/figure><div class=\"wp-block-media-text__content\">\n<p><mark style=\"background-color:rgba(0, 0, 0, 0)\" class=\"has-inline-color has-black-color\">Neu eingerichtetes Studio mit modernem Ambiente<\/mark><\/p>\n\n\n\n<p><mark style=\"background-color:rgba(0, 0, 0, 0)\" class=\"has-inline-color has-black-color\">Kaffeebar f\u00fcr Ihr Wohlbefinden<\/mark><\/p>\n<\/div><\/div>\n\n\n\n<p><\/p>\n\n\n\n<p><\/p>\n","protected":false},"excerpt":{"rendered":"<p>Pr\u00e4zision &amp; Techniken Modernste Techniken f\u00fcr haltbare, d\u00fcnne und nat\u00fcrlich aussehende N\u00e4gel Sorgf\u00e4ltige Ausf\u00fchrung jeder Behandlung mit Liebe zum Detail Professionelle Nagelverl\u00e4ngerung ohne Tips Premium-Produkte Spitzenprodukte wie IBX f\u00fcr die Regeneration besch\u00e4digter N\u00e4gel Innovative Bottle Gele f\u00fcr nat\u00fcrliche Optik Exklusive &hellip; <a href=\"https:\/\/nagelstudio-handwerk-gmunden.at\/?page_id=7193\">Weiterlesen <span class=\"meta-nav\">&rarr;<\/span><\/a><\/p>\n","protected":false},"author":1,"featured_media":0,"parent":0,"menu_order":150,"comment_status":"closed","ping_status":"closed","template":"","meta":{"footnotes":""},"class_list":["post-7193","page","type-page","status-publish","hentry"],"_links":{"self":[{"href":"https:\/\/nagelstudio-handwerk-gmunden.at\/index.php?rest_route=\/wp\/v2\/pages\/7193","targetHints":{"allow":["GET"]}}],"collection":[{"href":"https:\/\/nagelstudio-handwerk-gmunden.at\/index.php?rest_route=\/wp\/v2\/pages"}],"about":[{"href":"https:\/\/nagelstudio-handwerk-gmunden.at\/index.php?rest_route=\/wp\/v2\/types\/page"}],"author":[{"embeddable":true,"href":"https:\/\/nagelstudio-handwerk-gmunden.at\/index.php?rest_route=\/wp\/v2\/users\/1"}],"replies":[{"embeddable":true,"href":"https:\/\/nagelstudio-handwerk-gmunden.at\/index.php?rest_route=%2Fwp%2Fv2%2Fcomments&post=7193"}],"version-history":[{"count":31,"href":"https:\/\/nagelstudio-handwerk-gmunden.at\/index.php?rest_route=\/wp\/v2\/pages\/7193\/revisions"}],"predecessor-version":[{"id":9656,"href":"https:\/\/nagelstudio-handwerk-gmunden.at\/index.php?rest_route=\/wp\/v2\/pages\/7193\/revisions\/9656"}],"wp:attachment":[{"href":"https:\/\/nagelstudio-handwerk-gmunden.at\/index.php?rest_route=%2Fwp%2Fv2%2Fmedia&parent=7193"}],"curies":[{"name":"wp","href":"https:\/\/api.w.org\/{rel}","templated":true}]}}